{"id":4039,"date":"2018-01-09T11:30:05","date_gmt":"2018-01-09T10:30:05","guid":{"rendered":"http:\/\/www.rodzorza.legnica.pl\/?page_id=4039"},"modified":"2018-01-10T09:14:10","modified_gmt":"2018-01-10T08:14:10","slug":"rok-2016-wz","status":"publish","type":"page","link":"https:\/\/www.rodzorza.legnica.pl\/?page_id=4039","title":{"rendered":"Rok 2016\/WZ"},"content":{"rendered":"<p style=\"text-align: justify;\"><strong>W dniu 16.04.2016r.<\/strong> o godz.10<sup>30<\/sup> w&nbsp;Domu Kultury \u201eATRIUM\u201d w&nbsp;Legnicy odby\u0142o si\u0119 Walne Zebranie \u2013 sprawozdawcze ROD &#8222;ZORZA&#8221;&#8221;.<\/p>\n<p>Na zebraniu tym podj\u0119to nast\u0119puj\u0105ce uchwa\u0142y Walnego Zebrania:<\/p>\n<ol>\n<li style=\"text-align: justify;\">zatwierdzenie sprawozdania z dzia\u0142alno\u015bci i sprawozdania finansowego Zarz\u0105du ROD w 2015r. ;<\/li>\n<li style=\"text-align: justify;\">zatwierdzenie sprawozdania z dzia\u0142alno\u015bci Komisji Rewizyjnej ROD w 2015r. ;<\/li>\n<li style=\"text-align: justify;\">w sprawie wysoko\u015bci poszczeg\u00f3lnych op\u0142at ogrodowych i terminu ich wnoszenia;<\/li>\n<li style=\"text-align: justify;\">w sprawie wysoko\u015bci i terminu wnoszenia op\u0142at za u\u017cytkowanie sieci energetycznej;<\/li>\n<li style=\"text-align: justify;\">w sprawie przyj\u0119cia zmian w regulaminie korzystania z energii elektrycznej;<\/li>\n<li style=\"text-align: justify;\">w sprawie op\u0142aty rocznej dla u\u017cytkownik\u00f3w parkingu przy al. Je\u017cynowej;<\/li>\n<li style=\"text-align: justify;\">w sprawie realizacji zadania inwestycyjnego;<\/li>\n<li style=\"text-align: justify;\">w sprawie planu pracy na 2016 rok;<\/li>\n<li style=\"text-align: justify;\">w sprawie preliminarzy finansowych na 2016 rok;<\/li>\n<li style=\"text-align: justify;\">w sprawie zmiany zagospodarowania ROD;<\/li>\n<li style=\"text-align: justify;\">w sprawie wydzielenia dzia\u0142ki numer 390 sektor B na hodowl\u0119 pszcz\u00f3\u0142.<\/li>\n<\/ol>\n<p style=\"text-align: justify;\"><a href=\"http:\/\/www.rodzorza.legnica.pl\/wp-content\/uploads\/2014\/07\/linia.jpg\"><img loading=\"lazy\" decoding=\"async\" class=\"aligncenter size-full wp-image-887\" src=\"http:\/\/www.rodzorza.legnica.pl\/wp-content\/uploads\/2014\/07\/linia.jpg\" alt=\"linia\" width=\"388\" height=\"32\" srcset=\"https:\/\/www.rodzorza.legnica.pl\/wp-content\/uploads\/2014\/07\/linia.jpg 388w, https:\/\/www.rodzorza.legnica.pl\/wp-content\/uploads\/2014\/07\/linia-300x24.jpg 300w\" sizes=\"auto, (max-width: 388px) 100vw, 388px\" \/><\/a><span style=\"color: #ff0000;\"><strong>Podj\u0119te uchwa\u0142y obowi\u0105zuj\u0105 wszystkich dzia\u0142kowc\u00f3w bez wzgl\u0119du na&nbsp;to, czy by\u0142 obecny na&nbsp;Walnym Zebraniu, czy te\u017c nie by\u0142.<\/strong><\/span><\/p>\n<p><img loading=\"lazy\" decoding=\"async\" class=\"aligncenter size-full wp-image-887\" src=\"http:\/\/www.rodzorza.legnica.pl\/wp-content\/uploads\/2014\/07\/linia.jpg\" alt=\"linia\" width=\"388\" height=\"32\" srcset=\"https:\/\/www.rodzorza.legnica.pl\/wp-content\/uploads\/2014\/07\/linia.jpg 388w, https:\/\/www.rodzorza.legnica.pl\/wp-content\/uploads\/2014\/07\/linia-300x24.jpg 300w\" sizes=\"auto, (max-width: 388px) 100vw, 388px\" \/><\/p>\n<p><img loading=\"lazy\" decoding=\"async\" class=\"aligncenter size-full wp-image-3054\" src=\"http:\/\/www.rodzorza.legnica.pl\/wp-content\/uploads\/2016\/03\/Walne2016.jpg\" alt=\"Walne2016\" width=\"1700\" height=\"2800\" srcset=\"https:\/\/www.rodzorza.legnica.pl\/wp-content\/uploads\/2016\/03\/Walne2016.jpg 1700w, https:\/\/www.rodzorza.legnica.pl\/wp-content\/uploads\/2016\/03\/Walne2016-182x300.jpg 182w, https:\/\/www.rodzorza.legnica.pl\/wp-content\/uploads\/2016\/03\/Walne2016-768x1265.jpg 768w, https:\/\/www.rodzorza.legnica.pl\/wp-content\/uploads\/2016\/03\/Walne2016-622x1024.jpg 622w\" sizes=\"auto, (max-width: 1700px) 100vw, 1700px\" \/><\/p>\n<p><strong>&nbsp;<\/strong><\/p>\n","protected":false},"excerpt":{"rendered":"<p>W dniu 16.04.2016r. o godz.1030 w&nbsp;Domu Kultury \u201eATRIUM\u201d w&nbsp;Legnicy odby\u0142o si\u0119 Walne Zebranie \u2013 sprawozdawcze ROD &#8222;ZORZA&#8221;&#8221;. Na zebraniu tym podj\u0119to nast\u0119puj\u0105ce uchwa\u0142y Walnego Zebrania: zatwierdzenie sprawozdania z dzia\u0142alno\u015bci i sprawozdania finansowego Zarz\u0105du ROD w 2015r. ; zatwierdzenie sprawozdania z dzia\u0142alno\u015bci Komisji Rewizyjnej ROD w 2015r. ; w sprawie wysoko\u015bci poszczeg\u00f3lnych op\u0142at ogrodowych i terminu &hellip; <a href=\"https:\/\/www.rodzorza.legnica.pl\/?page_id=4039\" class=\"more-link\">Czytaj dalej <span class=\"screen-reader-text\">Rok 2016\/WZ<\/span> <span class=\"meta-nav\">&rarr;<\/span><\/a><\/p>\n","protected":false},"author":2,"featured_media":0,"parent":0,"menu_order":0,"comment_status":"closed","ping_status":"closed","template":"","meta":{"ngg_post_thumbnail":0,"footnotes":""},"class_list":["post-4039","page","type-page","status-publish","hentry"],"_links":{"self":[{"href":"https:\/\/www.rodzorza.legnica.pl\/index.php?rest_route=\/wp\/v2\/pages\/4039","targetHints":{"allow":["GET"]}}],"collection":[{"href":"https:\/\/www.rodzorza.legnica.pl\/index.php?rest_route=\/wp\/v2\/pages"}],"about":[{"href":"https:\/\/www.rodzorza.legnica.pl\/index.php?rest_route=\/wp\/v2\/types\/page"}],"author":[{"embeddable":true,"href":"https:\/\/www.rodzorza.legnica.pl\/index.php?rest_route=\/wp\/v2\/users\/2"}],"replies":[{"embeddable":true,"href":"https:\/\/www.rodzorza.legnica.pl\/index.php?rest_route=%2Fwp%2Fv2%2Fcomments&post=4039"}],"version-history":[{"count":4,"href":"https:\/\/www.rodzorza.legnica.pl\/index.php?rest_route=\/wp\/v2\/pages\/4039\/revisions"}],"predecessor-version":[{"id":4085,"href":"https:\/\/www.rodzorza.legnica.pl\/index.php?rest_route=\/wp\/v2\/pages\/4039\/revisions\/4085"}],"wp:attachment":[{"href":"https:\/\/www.rodzorza.legnica.pl\/index.php?rest_route=%2Fwp%2Fv2%2Fmedia&parent=4039"}],"curies":[{"name":"wp","href":"https:\/\/api.w.org\/{rel}","templated":true}]}}