{"id":446,"date":"2014-07-11T21:31:08","date_gmt":"2014-07-11T20:31:08","guid":{"rendered":"http:\/\/www.rodzorza.legnica.pl\/?page_id=446"},"modified":"2014-10-17T22:34:06","modified_gmt":"2014-10-17T21:34:06","slug":"galeriafoto2014","status":"publish","type":"page","link":"https:\/\/www.rodzorza.legnica.pl\/?page_id=446","title":{"rendered":"Galeria foto 2014"},"content":{"rendered":"<p><span style=\"font-family: comic sans ms,sans-serif;\">Og\u0142oszenie wynik\u00f3w konkursu <span style=\"color: #008000;\"><strong>&#8222;Wzorowa Dzia\u0142ka Roku 2014&#8221;<\/strong><\/span> na posiedzeniu Zarz\u0105du ROD &#8222;ZORZA&#8221; w Ziemnicach w dniu 27.09.2014r.<\/span><\/p>\nngg_shortcode_0_placeholder\n<hr \/>\n<p><span style=\"font-family: comic sans ms,sans-serif;\">galeria nagrodzonych dzia\u0142ek:<\/span><\/p>\nngg_shortcode_1_placeholder\n","protected":false},"excerpt":{"rendered":"<p>Og\u0142oszenie wynik\u00f3w konkursu &#8222;Wzorowa Dzia\u0142ka Roku 2014&#8221; na posiedzeniu Zarz\u0105du ROD &#8222;ZORZA&#8221; w Ziemnicach w dniu 27.09.2014r. galeria nagrodzonych dzia\u0142ek:<\/p>\n","protected":false},"author":2,"featured_media":0,"parent":0,"menu_order":0,"comment_status":"closed","ping_status":"closed","template":"","meta":{"ngg_post_thumbnail":0,"footnotes":""},"class_list":["post-446","page","type-page","status-publish","hentry"],"_links":{"self":[{"href":"https:\/\/www.rodzorza.legnica.pl\/index.php?rest_route=\/wp\/v2\/pages\/446","targetHints":{"allow":["GET"]}}],"collection":[{"href":"https:\/\/www.rodzorza.legnica.pl\/index.php?rest_route=\/wp\/v2\/pages"}],"about":[{"href":"https:\/\/www.rodzorza.legnica.pl\/index.php?rest_route=\/wp\/v2\/types\/page"}],"author":[{"embeddable":true,"href":"https:\/\/www.rodzorza.legnica.pl\/index.php?rest_route=\/wp\/v2\/users\/2"}],"replies":[{"embeddable":true,"href":"https:\/\/www.rodzorza.legnica.pl\/index.php?rest_route=%2Fwp%2Fv2%2Fcomments&post=446"}],"version-history":[{"count":27,"href":"https:\/\/www.rodzorza.legnica.pl\/index.php?rest_route=\/wp\/v2\/pages\/446\/revisions"}],"predecessor-version":[{"id":2082,"href":"https:\/\/www.rodzorza.legnica.pl\/index.php?rest_route=\/wp\/v2\/pages\/446\/revisions\/2082"}],"wp:attachment":[{"href":"https:\/\/www.rodzorza.legnica.pl\/index.php?rest_route=%2Fwp%2Fv2%2Fmedia&parent=446"}],"curies":[{"name":"wp","href":"https:\/\/api.w.org\/{rel}","templated":true}]}}